hat is the greatest common factor of 25571015 and 1865?
1865
Calculate the greatest common factor of 44 and 105919.
11
What is the greatest common factor of 117 and 1320371?
13
What is the greatest common divisor of 9095 and 3745?
535
Calculate the greatest common factor of 3294 and 854.
122
Calculate the highest common divisor of 102952 and 136.
136
What is the highest common factor of 1445 and 235093?
17
What is the greatest common divisor of 188 and 487108?
188
Calculate the greatest common factor of 32 and 775120.
16
What is the greatest common factor of 2863 and 34223?
7
What is the highest common factor of 130 and 44798?
26
What is the greatest common factor of 54 and 6858?
54
Calculate the greatest common divisor of 13350 and 6450.
150
What is the greatest common divisor of 1716 and 345540?
156
Calculate the greatest common divisor of 62 and 7817363.
31
Calculate the greatest common divisor of 53915 and 15.
5
What is the greatest common factor of 61920 and 264?
24
Calculate the greatest common factor of 11771 and 2384.
149
What is the greatest common factor of 26 and 376?
2
What is the greatest common divisor of 60640 and 960?
160
Calculate the highest common factor of 152971 and 1148.
287
What is the highest common factor of 47633 and 1311?
437
Calculate the highest common factor of 118560 and 12597.
741
What is the greatest common factor of 44570 and 30?
10
Calculate the highest common divisor of 144 and 13644.
36
What is the greatest common factor of 611 and 3901?
47
Calculate the highest common divisor of 1253 and 2322167.
179
What is the greatest common divisor of 283877 and 44?
11
Calculate the highest common factor of 672 and 462.
42
What is the highest common factor of 61045 and 5?
5
Calculate the highest common divisor of 32913 and 27.
27
Calculate the highest common factor of 402 and 46.
2
What is the greatest common factor of 288144 and 299?
23
Calculate the highest common factor of 490 and 17696.
14
What is the greatest common divisor of 3 and 4081932?
3
What is the highest common divisor of 19 and 56981?
19
Calculate the greatest common divisor of 675 and 99825.
75
Calculate the highest common divisor of 164 and 31652.
164
Calculate the highest common divisor of 99286 and 242.
22
What is the greatest common factor of 791 and 7232?
113
What is the greatest common factor of 2850 and 651700?
950
Calculate the greatest common divisor of 944 and 276304.
16
What is the highest common divisor of 1647995 and 410?
205
Calculate the greatest common divisor of 495470 and 190.
10
Calculate the highest common factor of 18681 and 376494.
1437
Calculate the highest common divisor of 62951 and 2159.
17
What is the greatest common divisor of 1800 and 2858850?
450
Calculate the highest common divisor of 3985195 and 5.
5
What is the greatest common factor of 133586 and 1666?
34
Calculate the highest common divisor of 224 and 361.
1
Calculate the highest common factor of 344 and 392.
8
Calculate the highest common divisor of 14 and 36370.
2
What is the greatest common divisor of 592425 and 18?
9
What is the highest common factor of 195 and 3380?
65
What is the highest common factor of 1651 and 123552?
13
Calculate the highest common factor of 2 and 77153.
1
Calculate the highest common divisor of 4608 and 9828.
36
Calculate the highest common divisor of 1892 and 99.
11
What is the greatest common factor of 108 and 50073?
3
Calculate the greatest common divisor of 133 and 124677.
7
Calculate the greatest common divisor of 1922284 and 637.
91
Calculate the highest common divisor of 247 and 323.
19
What is the greatest common factor of 156 and 278928?
156
Calculate the greatest common divisor of 907956 and 28.
28
Calculate the highest common factor of 1169 and 623.
7
What is the greatest common divisor of 55 and 1323355?
55
What is the greatest common factor of 340 and 7718?
34
What is the highest common factor of 759 and 2409?
33
Calculate the highest common divisor of 412 and 17407.
103
Calculate the highest common factor of 221 and 697.
17
What is the greatest common divisor of 700 and 16772?
28
Calculate the highest common factor of 632 and 155314.
158
What is the highest common factor of 329756 and 812?
28
What is the highest common divisor of 73040 and 12100?
220
Calculate the greatest common divisor of 3404 and 1554.
74
What is the greatest common factor of 22 and 164956?
22
Calculate the highest common factor of 539 and 35084.
49
What is the highest common factor of 218198 and 3318?
158
What is the greatest common factor of 4797 and 99?
9
Calculate the highest common divisor of 11 and 3817627.
11
Calculate the greatest common divisor of 5808 and 6792.
24
Calculate the greatest common factor of 40332 and 156.
12
What is the highest common divisor of 1362 and 29056?
454
Calculate the highest common factor of 296864 and 48.
16
What is the greatest common divisor of 2 and 859438?
2
Calculate the greatest common divisor of 3585 and 660357.
717
What is the greatest common divisor of 32 and 12528?
16
Calculate the greatest common divisor of 56797 and 52.
13
Calculate the greatest common factor of 5 and 371775.
5
Calculate the highest common factor of 961 and 353214.
31
What is the highest common factor of 33 and 6564855?
33
What is the highest common divisor of 2270 and 217466?
454
What is the highest common factor of 130 and 884962?
26
Calculate the highest common factor of 3082 and 46.
46
Calculate the highest common factor of 2520 and 8530.
10
Calculate the greatest common factor of 43880 and 40.
40
What is the highest common factor of 27069 and 469?
7
What is the greatest common factor of 20349 and 1581?
51
What is the highest common divisor of 16 and 1598416?
16
What is the highest common factor of 55488 and 72?
24
Calculate the highest common factor of 976 and 2560.
16
Calculate the greatest common divisor of 174 and 1056267.
87
What is the greatest common divisor of 62037 and 6039?
549
What is the highest common factor of 72407 and 183?
61
Calculate the highest common factor of 1026 and 9882.
54
What is the greatest common factor of 2025 and 1475?
25
What is the greatest common factor of 45914 and 121?
11
Calculate the highest common factor of 82 and 103.
1
What is the greatest common factor of 176 and 512?
16
What is the highest common divisor of 92 and 404662?
46
What is the highest common factor of 792 and 1044054?
198
Calculate the highest common divisor of 297 and 1977723.
297
Calculate the highest common divisor of 523143 and 63.
9
What is the greatest common divisor of 280 and 8605?
5
Calculate the greatest common divisor of 536 and 94.
2
Calculate the greatest common factor of 921640 and 24.
8
What is the highest common divisor of 43818 and 1474?
134
What is the highest common divisor of 38 and 547333?
19
What is the highest common factor of 2130964 and 836?
836
What is the greatest common factor of 801931 and 65?
13
What is the greatest common factor of 95886 and 2016?
126
What is the greatest common divisor of 1067 and 56842?
97
Calculate the highest common divisor of 9 and 24513.
3
What is the greatest common factor of 203656 and 96?
8
What is the greatest common factor of 73 and 1040177?
73
What is the highest common divisor of 63 and 1477?
7
Calculate the greatest common divisor of 919816 and 368.
184
Calculate the highest common factor of 522481 and 63023.
2033
Calculate the highest common factor of 682 and 1240.
62
Calculate the highest common divisor of 27405 and 375.
15
What is the greatest common divisor of 3180212 and 5936?
1484
Calculate the greatest common factor of 16554 and 1023.
93
Calculate the highest common divisor of 98189 and 676.
169
What is the greatest common divisor of 162 and 206469?
81
What is the highest common divisor of 13167 and 297?
99
What is the highest common factor of 4511 and 65?
13
What is the highest common factor of 504 and 310212?
252
Calculate the greatest common divisor of 1778 and 4046.
14
Calculate the greatest common factor of 396 and 516.
12
What is the highest common divisor of 847030 and 90?
10
What is the greatest common factor of 2016 and 7608?
24
Calculate the highest common divisor of 9113 and 44864.
701
What is the greatest common divisor of 57018 and 204?
102
Calculate th